65
In base 7, what is 6225126546 - 2?
6225126544
In base 3, what is 2010211021 - 10100000?
2000111021
In base 10, what is 315 + -740479?
-740164
In base 2, what is 1011001000010 - -11001011011?
1110010011101
In base 12, what is 1 - -272a246a?
272a246b
In base 8, what is 3 + 34617651?
34617654
In base 11, what is 152971105 - -4?
152971109
In base 3, what is -2111100100 - 1211211?
-2120012011
In base 11, what is -2 + -502167a0?
-502167a2
In base 12, what is -8270b26 - -4?
-8270b22
In base 14, what is 3 - 228007?
-228004
In base 11, what is -1a00410 - 401?
-1a00811
In base 8, what is -6764 - 2405?
-11371
In base 9, what is -147 + 1058524?
1058366
In base 16, what is -1fdf46 - 17?
-1fdf5d
In base 5, what is -2 + 23002114320?
23002114313
In base 12, what is 29 + -a7b6?
-a789
In base 5, what is 100121324310 - -10?
100121324320
In base 11, what is -95100 - -3?
-950a8
In base 6, what is -105524 - 2241?
-112205
In base 7, what is 5150 + 1601232?
1606412
In base 10, what is 6355547 + 0?
6355547
In base 12, what is 721262 + 13?
721275
In base 8, what is -40563 + -30073?
-70656
In base 5, what is -24 + -143321330?
-143321404
In base 7, what is -1540533000 + 5?
-1540532662
In base 15, what is 4943b37 + -2?
4943b35
In base 16, what is 0 + -146932f?
-146932f
In base 12, what is -5b - -1632367?
1632308
In base 10, what is -49901722 - -2?
-49901720
In base 14, what is -bd - 376a?
-3849
In base 3, what is -10 - 1000210221201?
-1000210221211
In base 16, what is 38e + 2cc?
65a
In base 5, what is 2230 - -11241334?
11244114
In base 10, what is 40 + -4054665?
-4054625
In base 14, what is -1658cc1c - 1?
-1658cc1d
In base 5, what is -2430 - 1443024?
-2001004
In base 10, what is -54686 - 2181?
-56867
In base 9, what is -3 + -2171377?
-2171381
In base 14, what is 11807cb0 + 2?
11807cb2
In base 5, what is -4023 + 114224?
110201
In base 11, what is -8710 - 130?
-8840
In base 7, what is -55 + 35050003?
35046615
In base 13, what is -257 - -4b?
-209
In base 10, what is -3 - -8715015?
8715012
In base 7, what is -406464204 - -3?
-406464201
In base 6, what is 125 + -4242042?
-4241513
In base 9, what is 3740772 - 5?
3740766
In base 3, what is -1011012 + 220200?
-20112
In base 2, what is -10010101110101100010110011 - 101?
-10010101110101100010111000
In base 13, what is -3b3407 - 2?
-3b3409
In base 2, what is 10101 - 1100011000101011101001111?
-1100011000101011100111010
In base 13, what is -b2792 - -52?
-b2740
In base 16, what is 1812e2 + -2?
1812e0
In base 4, what is 323100021 + 112013?
323212100
In base 2, what is 110101101010111 - -11101100?
110110001000011
In base 15, what is 54 + 13825?
13879
In base 6, what is 10014132 + 20?
10014152
In base 10, what is 156048365 - 1?
156048364
In base 2, what is 1001110010 - -10111011110100?
11000101100110
In base 12, what is -1a52 + 5648?
37b6
In base 4, what is 201 - -13301031032?
13301031233
In base 9, what is 4 - -48705071?
48705075
In base 5, what is -12324 - -20220331?
20203002
In base 10, what is -24 - 1161975?
-1161999
In base 7, what is -611432 - -65?
-611334
In base 15, what is -5 + b141785?
b141780
In base 13, what is -1349 - -1b?
-132b
In base 11, what is -35 + -1854818?
-1854852
In base 12, what is 17 + -1a84611?
-1a845b6
In base 4, what is 331 + -31103030?
-31102033
In base 3, what is -10220212002 + -12100022?
-11010012101
In base 16, what is -478e3a - -2?
-478e38
In base 5, what is 402 - -4341204?
4342111
In base 10, what is -71200975 + -7?
-71200982
In base 2, what is -100000101000010110 - -11010?
-100000100111111100
In base 16, what is 4db - 2cca9?
-2c7ce
In base 11, what is 0 + 51a3?
51a3
In base 7, what is -10224 + -16663?
-30220
In base 11, what is -6a31048 - 3?
-6a31050
In base 13, what is -3cb63 + -c?
-3cb72
In base 3, what is 20 - -12220100022?
12220100112
In base 3, what is -10 + -20000022122101212?
-20000022122101222
In base 3, what is -102 + -20000221120101?
-20000221120210
In base 2, what is 101 + 1000001001011110011110010100?
1000001001011110011110011001
In base 8, what is 361523 + 1366?
363111
In base 10, what is -7603 + 39276?
31673
In base 5, what is -32324 + 411411?
324032
In base 2, what is -11 - 100100100010100100000?
-100100100010100100011
In base 14, what is 2060cc3 + 0?
2060cc3
In base 13, what is -155379 + -47?
-1553c3
In base 15, what is 90de4 - -29e?
91193
In base 9, what is 60033370 + 1?
60033371
In base 10, what is -122 - -238860?
238738
In base 15, what is -10c68c - 5c?
-10c6e9
In base 16, what is dc2b7 + d?
dc2c4
In base 10, what is -7253969 + 0?
-7253969
In base 13, what is 3a0 - 24a6bc?
-24a31c
In base 5, what is 202021013 - 1?
202021012
In base 15, what is -743d37 + 9?
-743d2d
In base 3, what is 200 + -222202201002100?
-222202201001200
In base 10, what is -8231070 - 3?
-8231073
In base 14, what is -263 - -7a15?
7792
In base 3, what is 0 - 20101010200100122?
-20101010200100122
In base 7, what is -123320 - 141405?
-265025
In base 14, what is 240 + -2a4d5?
-2a295
In base 6, what is 402435 + -3051?
355344
In base 10, what is 1142962 + -140?
1142822
In base 10, what is -16056 + -60262?
-76318
In base 12, what is -1a674b - 158?
-1a68a7
In base 3, what is -21220022 - 21211220?
-120202012
In base 5, what is 13 - -10310113402?
10310113420
In base 5, what is -310 - -424443423?
424443113
In base 10, what is -6752 - 154?
-6906
In base 11, what is 18964 + -35a?
18605
In base 3, what is 1101111 + -1111200021?
-1110021210
In base 10, what is -80680 - 229?
-80909
In base 11, what is 150 + 189491?
189631
In base 4, what is 2303132211 + 112?
2303132323
In base 7, what is -4 - 264051?
-264055
In base 16, what is -35b00c5 + -1?
-35b00c6
In base 3, what is 121010012220 - 100021?
121002212122
In base 4, what is -2002 + 10102331?
10100323
In base 5, what is -3442213332001 + 2?
-3442213331444
In base 4, what is 312 - -3332303302?
3332310220
In base 4, what is -3130211101 + -232?
-3130211333
In base 16, what is 8b302b + 3?
8b302e
In base 2, what is -10100111001 - 10000100001?
-100101011010
In base 7, what is -161360 - 1332?
-163022
In base 8, what is 555 + -163726?
-163151
In base 15, what is -2dbe1c - 4?
-2dbe21
In base 8, what is 41 + 5235643?
5235704
In base 9, what is -8603 - 2027?
-11631
In base 3, what is -101101102002 - 111?
-101101102120
In base 4, what is -1022301211 + 12?
-1022301133
In base 6, what is 3 + -22031231?
-22031224
In base 16, what is -137 + -6362?
-6499
In base 5, what is 314103443 - 304?
314103134
In base 8, what is -3 - -135251313?
135251310
In base 12, what is 10b4 + -65130?
-64038
In base 4, what is -120 + -133132231?
-133133011
In base 11, what is 1312145 - -4?
1312149
In base 11, what is 99237 + -28?
9920a
In base 13, what is -2aa7b3a - -1?
-2aa7b39
In base 14, what is b69da33 - 0?
b69da33
In base 6, what is -4532052324 + -5?
-4532052333
In base 3, what is -1210222200222 + 101?
-1210222200121
In base 8, what is 102 - 630365?
-630263
In base 5, what is -41302211 - -104?
-41302102
In base 14, what is 188d - -5d25?
77b4
In base 14, what is 64cbd - 51d?
647a0
In base 6, what is -13 + 2132022334?
2132022321
In base 9, what is -11067557 - -63?
-11067484
In base 9, what is -4 - 820231?
-820235
In base 16, what is 136f588 + -5?
136f583
In base 10, what is -357827 + -23?
-357850
In base 11, what is 137 - -402a?
4166
In base 6, what is 3 + 154542140?
154542143
In base 13, what is 43512b42 - -5?
43512b47
In base 14, what is 68a4947 - 7?
68a4940
In base 12, what is -3b73 - -113?
-3a60
In base 3, what is -10111112112 + -1221?
-10111121110
In base 5, what is 24 - -2141244?
2141323
In base 15, what is 3bc + 2dc8?
3295
In base 5, what is 1002304203 - 12?
1002304141
In base 6, what is 11055441 + 14?
11055455
In base 5, what is -22134 + -114202?
-141341
In base 11, what is -28 + -389766?
-389793
In base 10, what is 13 + 364895?
364908
In base 6, what is 1041354 - 104424?
532530
In base 7, what is -41564 + -1150?
-43044
In base 12, what is 2 - -37527518?
3752751a
In base 16, what is -1fe9eff - -8?
-1fe9ef7
In base 14, what is -7 + -1046d7b?
-1046d84
In base 16, what is -2 - -15a5755?
15a5753
In base 4, what is 1131033310 - -21023?
1131120333
In base 3, what is -21002002101 + 11012?
-21001221012
In base 11, what is 0 + -115706943?
-115706943
In base 14, what is 143825c - 20?
143823c
In base 13, what is 2 